{"id":2429,"date":"2016-09-28T17:54:46","date_gmt":"2016-09-28T15:54:46","guid":{"rendered":"https:\/\/www.torredijano.it\/torredijano\/?page_id=2429"},"modified":"2025-04-02T17:52:20","modified_gmt":"2025-04-02T15:52:20","slug":"ospitalita-de","status":"publish","type":"page","link":"https:\/\/www.torredijano.it\/torredijano\/ospitalita-de\/","title":{"rendered":"GASTFREUNDLICHKEIT"},"content":{"rendered":"<p>[vc_row][vc_column offset=&#8221;vc_hidden-sm vc_hidden-xs&#8221;][vc_single_image image=&#8221;3124&#8243; img_size=&#8221;full&#8221; alignment=&#8221;center&#8221;][\/vc_column][\/vc_row][vc_row el_class=&#8221;margin-bottom-100 margin-top-10 no-padding-vc no-margin-vc&#8221;][vc_column width=&#8221;1\/4&#8243; css=&#8221;.vc_custom_1464731281468{margin-top: 0px !important;margin-right: 0px !important;margin-bottom: 0px !important;margin-left: 0px !important;border-top-width: 0px !important;border-right-width: 0px !important;border-bottom-width: 0px !important;border-left-width: 0px !important;padding-top: 0px !important;padding-right: 0px !important;padding-bottom: 0px !important;padding-left: 0px !important;background-position: center !important;background-repeat: no-repeat !important;background-size: cover !important;}&#8221;][vc_wp_text]<style>\n.himage\n{\n\t-webkit-transition: opacity .4s ease-in-out 0s;\n\t-moz-transition: opacity .4s ease-in-out 0s;\n\t-o-transition: opacity .4s ease-in-out 0s;\n\ttransition: opacity .4s ease-in-out 0s;\n}\n<\/style><div style=\"position:relative;\"><img src=\"http:\/\/www.torredijano.it\/torredijano\/wp-content\/uploads\/2016\/09\/foto_ospitalita_over_de.jpg\" width=\"100%\" height=\"\" \/><img class=\"himage\" src=\"http:\/\/www.torredijano.it\/torredijano\/wp-content\/uploads\/2016\/09\/foto_ospitalita_over_de.jpg\" width=\"100%\" height=\"\" onmouseover=\"this.style.opacity=0;\" onmouseout=\"this.style.opacity=1;\" style=\"position:absolute; top:0; left:0;\" \/><\/div>[\/vc_wp_text][\/vc_column][vc_column width=&#8221;1\/4&#8243; css=&#8221;.vc_custom_1464731343641{margin-top: 0px !important;margin-right: 0px !important;margin-bottom: 0px !important;margin-left: 0px !important;border-top-width: 0px !important;border-right-width: 0px !important;border-bottom-width: 0px !important;border-left-width: 0px !important;padding-top: 0px !important;padding-right: 0px !important;padding-bottom: 0px !important;padding-left: 0px !important;}&#8221;][vc_wp_text]<style>\n.himage\n{\n\t-webkit-transition: opacity .4s ease-in-out 0s;\n\t-moz-transition: opacity .4s ease-in-out 0s;\n\t-o-transition: opacity .4s ease-in-out 0s;\n\ttransition: opacity .4s ease-in-out 0s;\n}\n<\/style><div style=\"position:relative;\"><a href=\"https:\/\/www.torredijano.it\/torredijano\/ristorante-de\/\"><img src=\"http:\/\/www.torredijano.it\/torredijano\/wp-content\/uploads\/2016\/09\/foto_ristorante_over_de.jpg\" width=\"100%\" height=\"\" \/><img class=\"himage\" src=\"http:\/\/www.torredijano.it\/torredijano\/wp-content\/uploads\/2016\/09\/Ristorante-Home.jpg\" width=\"100%\" height=\"\" onmouseover=\"this.style.opacity=0;\" onmouseout=\"this.style.opacity=1;\" style=\"position:absolute; top:0; left:0;\" \/><\/a><\/div>[\/vc_wp_text][\/vc_column][vc_column width=&#8221;1\/4&#8243; css=&#8221;.vc_custom_1464731407166{margin-top: 0px !important;margin-right: 0px !important;margin-bottom: 0px !important;margin-left: 0px !important;border-top-width: 0px !important;border-right-width: 0px !important;border-bottom-width: 0px !important;border-left-width: 0px !important;padding-top: 0px !important;padding-right: 0px !important;padding-bottom: 0px !important;padding-left: 0px !important;}&#8221;][vc_wp_text]<style>\n.himage\n{\n\t-webkit-transition: opacity .4s ease-in-out 0s;\n\t-moz-transition: opacity .4s ease-in-out 0s;\n\t-o-transition: opacity .4s ease-in-out 0s;\n\ttransition: opacity .4s ease-in-out 0s;\n}\n<\/style><div style=\"position:relative;\"><a href=\"https:\/\/www.torredijano.it\/torredijano\/cerimonie-de\/\"><img src=\"http:\/\/www.torredijano.it\/torredijano\/wp-content\/uploads\/2016\/09\/foto_cerimonie_over_de.jpg\" width=\"100%\" height=\"\" \/><img class=\"himage\" src=\"http:\/\/www.torredijano.it\/torredijano\/wp-content\/uploads\/2015\/08\/foto_cerimonie.jpg\" width=\"100%\" height=\"\" onmouseover=\"this.style.opacity=0;\" onmouseout=\"this.style.opacity=1;\" style=\"position:absolute; top:0; left:0;\" \/><\/a><\/div>[\/vc_wp_text][\/vc_column][vc_column width=&#8221;1\/4&#8243; css=&#8221;.vc_custom_1464731450708{margin-top: 0px !important;margin-right: 0px !important;margin-bottom: 0px !important;margin-left: 0px !important;border-top-width: 0px !important;border-right-width: 0px !important;border-bottom-width: 0px !important;border-left-width: 0px !important;padding-top: 0px !important;padding-right: 0px !important;padding-bottom: 0px !important;padding-left: 0px !important;}&#8221;][vc_wp_text]<style>\n.himage\n{\n\t-webkit-transition: opacity .4s ease-in-out 0s;\n\t-moz-transition: opacity .4s ease-in-out 0s;\n\t-o-transition: opacity .4s ease-in-out 0s;\n\ttransition: opacity .4s ease-in-out 0s;\n}\n<\/style><div style=\"position:relative;\"><a href=\"https:\/\/www.torredijano.it\/torredijano\/servizi-per-le-aziende-de\/\"><img src=\"http:\/\/www.torredijano.it\/torredijano\/wp-content\/uploads\/2016\/09\/foto_servizi_over_de.jpg\" width=\"100%\" height=\"\" \/><img class=\"himage\" src=\"http:\/\/www.torredijano.it\/torredijano\/wp-content\/uploads\/2016\/09\/Servizi-Aziende-Home.jpg\" width=\"100%\" height=\"\" onmouseover=\"this.style.opacity=0;\" onmouseout=\"this.style.opacity=1;\" style=\"position:absolute; top:0; left:0;\" \/><\/a><\/div>[\/vc_wp_text][\/vc_column][\/vc_row][vc_row el_class=&#8221;margin-bottom-80&#8243; css=&#8221;.vc_custom_1464764725871{background-color: #f3f3f3 !important;}&#8221;][vc_column width=&#8221;1\/6&#8243;][vc_empty_space][\/vc_column][vc_column width=&#8221;2\/3&#8243;][vc_row_inner][vc_column_inner width=&#8221;1\/2&#8243;][vc_gallery type=&#8221;flexslider_slide&#8221; interval=&#8221;3&#8243; images=&#8221;1952,2213,2212,2211,2210,2209,2208,2207,2206&#8243; img_size=&#8221;full&#8221;][\/vc_column_inner][vc_column_inner width=&#8221;1\/2&#8243;][vc_raw_html]JTNDYnIlMkYlM0UlMEElM0NoNCUzRURJRSUyMFpJTU1FUiUzQyUyRmg0JTNFJTBBJTNDcCUyMHN0eWxlJTNEJTIydGV4dC1hbGlnbiUzQWp1c3RpZnklM0IlMjIlM0UlMEFEYXMlMjBIb3RlbCUyMFRvcnJlJTIwZGklMjBKYW5vJTIwYmlldGV0JTIwc2VpbmVuJTIwRyVDMyVBNHN0ZW4lMjBkaWUlMjBlbnRzcGFubnRlJTIwQXRtb3NwaCVDMyVBNHJlJTIwZWluZXMlMjBIYXVzZXMlMjBhdXMlMjBkZW0lMjBzcCVDMyVBNHRlbiUyMDE2LiUyMEphaHJodW5kZXJ0LiUzQ2JyJTJGJTNFJTBBRGllJTIwc2llYmVuJTIwWmltbWVyJTIwc2luZCUyMGF1c2dlc3Byb2NoZW4lMjBncm8lQzMlOUZ6JUMzJUJDZ2lnJTIwZ2VzY2huaXR0ZW4lMjB1bmQlMjBtaXQlMjBNb2JpbGlhciUyMGF1cyUyMGRlbSUyMHNwJUMzJUE0dGVuJTIwMTkuJTIwSmFocmh1bmRlcnQlMkMlMjBCYWQlMkMlMjBUViUyMHVuZCUyMGtvc3Rlbmxvc2VtJTIwV0xBTiUyMGF1c2dlc3RhdHRldC4lM0NiciUyRiUzRSUwQVdlciUyMGluJTIwVG9ycmUlMjBkaSUyMEphbm8lMjBhYnN0ZWlndCUyQyUyMGdlbmllJUMzJTlGdCUyMG5pY2h0JTIwbnVyJTIwYWJzb2x1dGUlMjBFbnRzcGFubnVuZyUyQyUyMHNvbmRlcm4lMjBhdWNoJTIwZWluZSUyMHNjaCVDMyVCNm5lJTIwQXVzc2ljaHQlMkMlMjBrYW5uJTIwaW4lMjBkZW4lMjB1bWxpZWdlbmRlbiUyMFclQzMlQTRsZGVybiUyMHNwYXppZXJlbiUyMGdlaGVuJTJDJTIwZGllJTIwV2VpbmtlbGxlciUyMGRlciUyMEJvbG9nbmVzZXIlMjBIJUMzJUJDZ2VsJTIwYmVzdWNoZW4lMjB1bmQlMjBzaWNoJTIwaW0lMjBTb21tZXIlMjBpbiUyMHVuc2VyZW0lMjBtaXR0ZW4lMjBpbSUyMEdyJUMzJUJDbmVuJTIwZ2VsZWdlbmVuJTIwRXJob2x1bmdzYmVyZWljaCUyMGVudHNwYW5uZW4uJTBBJTNDJTJGcCUzRQ==[\/vc_raw_html][\/vc_column_inner][\/vc_row_inner][\/vc_column][vc_column width=&#8221;1\/6&#8243;][vc_empty_space][\/vc_column][\/vc_row][vc_row el_class=&#8221;margin-bottom-80&#8243; css=&#8221;.vc_custom_1464764725871{background-color: #f3f3f3 !important;}&#8221;][vc_column width=&#8221;1\/6&#8243;][vc_empty_space][\/vc_column][vc_column width=&#8221;2\/3&#8243;][vc_row_inner][vc_column_inner width=&#8221;1\/2&#8243;][vc_raw_html]JTNDYnIlMkYlM0UlMEElM0NoNCUzRURBUyUyMEFQQVJUTUVOVCUzQyUyRmg0JTNFJTBBJTNDcCUyMHN0eWxlJTNEJTIydGV4dC1hbGlnbiUzQWp1c3RpZnklM0IlMjIlM0UlMEFEaWVzZXMlMjBBcGFydG1lbnQlMjBpc3QlMjBpbiUyMGplZGVyJTIwSGluc2ljaHQlMjBlaW56aWdhcnRpZy4lMjBFcyUyMHZlcmYlQzMlQkNndCUyMCVDMyVCQ2JlciUyMGVpbmUlMjBLJUMzJUJDY2hlJTJDJTIwdmllciUyMHVuYWJoJUMzJUE0bmdpZ2UlMjBaaW1tZXIlMjBtaXQlMjBpbnNnZXNhbXQlMjA4LTEwJTIwU2NobGFmcGwlQzMlQTR0emVuLiUyMEVzJTIwYmlldGV0JTIwZGllJTIwaWRlYWxlJTIwVW50ZXJrdW5mdCUyMGYlQzMlQkNyJTIwUmVpc2VncnVwcGVuJTJDJTIwRmFtaWxpZW4lMkMlMjBBcmJlaXRzLSUyMHVuZCUyMFN0dWRpZW5ncnVwcGVuLiUyMCUwQSUzQyUyRnAlM0U=[\/vc_raw_html][\/vc_column_inner][vc_column_inner width=&#8221;1\/2&#8243;][vc_gallery type=&#8221;flexslider_slide&#8221; interval=&#8221;3&#8243; images=&#8221;2217,2216,2215&#8243; img_size=&#8221;full&#8221;][\/vc_column_inner][\/vc_row_inner][\/vc_column][vc_column width=&#8221;1\/6&#8243;][vc_empty_space][\/vc_column][\/vc_row][vc_row el_class=&#8221;margin-bottom-80&#8243; css=&#8221;.vc_custom_1464764725871{background-color: #f3f3f3 !important;}&#8221;][vc_column width=&#8221;1\/6&#8243;][vc_empty_space][\/vc_column][vc_column width=&#8221;2\/3&#8243;][vc_row_inner][vc_column_inner width=&#8221;1\/2&#8243;][vc_gallery type=&#8221;flexslider_slide&#8221; interval=&#8221;3&#8243; images=&#8221;2222,2221,1960,1959,1958,1964,1957,1963,1962,1956,1961,1965&#8243; img_size=&#8221;full&#8221;][\/vc_column_inner][vc_column_inner width=&#8221;1\/2&#8243; css=&#8221;.vc_custom_1464765391374{padding-left: 40px !important;}&#8221;][vc_raw_html]JTNDYnIlMkYlM0UlMEElM0NoNCUzRURpZSUyMHdlaXRyJUMzJUE0dW1pZ2VuJTIwSW5uZW4tJTIwdW5kJTIwQXUlQzMlOUZlbnIlQzMlQTR1bWUlMjBlaWduZW4lMjBzaWNoJTIwZiVDMyVCQ3IlM0ElM0MlMkZoNCUzRSUwQSUzQ3AlMjBzdHlsZSUzRCUyMnRleHQtYWxpZ24lM0FqdXN0aWZ5JTNCJTIyJTNFJTBBJUUyJTgwJUEyJTIwRXJob2x1bmclM0NiciUyRiUzRSUwQSVFMiU4MCVBMiUyMEFyYmVpdHMtJTIwdW5kJTIwU3R1ZGllbnRyZWZmZW4lM0NiciUyRiUzRSUwQSVFMiU4MCVBMiUyMEZvcnNjaHVuZ3NncnVwcGVuJTNDYnIlMkYlM0UlMEElRTIlODAlQTIlMjBSZXRyZWF0cyUzQ2JyJTJGJTNFJTBBJUUyJTgwJUEyJTIwU3R1ZGllbmdydXBwZW4lM0NiciUyRiUzRSUwQSVFMiU4MCVBMiUyME11c2lrJTIwdW5kJTIwTXVzaWtlciUzQ2JyJTJGJTNFJTBBJUUyJTgwJUEyJTIwVGFndW5nZW4lMjB1bmQlMjBTZW1pbmFyZSUzQ2JyJTJGJTNFJTBBJUUyJTgwJUEyJTIwQXVzc3RlbGx1bmdlbiUzQ2JyJTJGJTNFJTBBJUUyJTgwJUEyJTIwV29ya3Nob3BzJTNDYnIlMkYlM0UlMEElRTIlODAlQTIlMjBGb3J0LSUyRldlaXRlcmJpbGR1bmclMEElM0MlMkZwJTNF[\/vc_raw_html][\/vc_column_inner][\/vc_row_inner][\/vc_column][vc_column width=&#8221;1\/6&#8243;][vc_empty_space][\/vc_column][\/vc_row][vc_row el_class=&#8221;margin-bottom-80&#8243;][vc_column width=&#8221;1\/6&#8243;][vc_empty_space][\/vc_column][vc_column width=&#8221;2\/3&#8243;][vc_tta_accordion style=&#8221;classic&#8221; color=&#8221;white&#8221; c_icon=&#8221;&#8221; active_section=&#8221;1789789&#8243; no_fill=&#8221;true&#8221; collapsible_all=&#8221;true&#8221;][vc_tta_section i_icon_wolverine=&#8221;wicon icon-outline-vector-icons-pack-150&#8243; add_icon=&#8221;true&#8221; title=&#8221;PREISE&#8221; tab_id=&#8221;1465460159843-71b76a8e-43a1&#8243;][vc_single_image image=&#8221;2234&#8243; img_size=&#8221;1248&#8243;][vc_column_text]Die Zimmerpreise des Hotels Torre di Jano in Sasso Marconi beinhalten die t\u00e4gliche Aufr\u00e4umung sowie die Endreinigung.<\/p>\n<p>F\u00fcr das Apartment bieten wir einen Residence-Service an. Die Preise verstehen sich ohne Endreinigung, die je nach Anzahl der G\u00e4ste zwischen 80 und 150 Euro variieren kann.<\/p>\n<p>Wir bieten auf Anfrage ein s\u00fc\u00dfes und herzhaftes Fr\u00fchst\u00fcck zum Preis von 8 Euro pro Person an.<\/p>\n<p>&nbsp;<\/p>\n<table style=\"width: 915px; height: 126px;\">\n<tbody>\n<tr>\n<td style=\"width: 250px;\"><b>FERIENWOHNUNG<\/b><\/td>\n<td>\u00a0(MINDESTAUFENTHALT 1 NACHT)<\/td>\n<\/tr>\n<tr>\n<td>F\u00fcr 4 oder 5 Personen<\/td>\n<td>\u20ac 220 \/ \u20ac 250 je nach Zeitraum<\/td>\n<\/tr>\n<tr>\n<td>F\u00fcr 6 Personen<\/td>\n<td>\u20ac 250 \/ \u20ac 280 je nach Zeitraum<\/td>\n<\/tr>\n<tr>\n<td>F\u00fcr 8 Personen<\/td>\n<td>\u20ac 280 \/ \u20ac 320 je nach Zeitraum<\/td>\n<\/tr>\n<tr>\n<td>F\u00fcr 10 Personen<\/td>\n<td>\u20ac 320 \/ \u20ac 360 je nach Zeitraum<\/td>\n<\/tr>\n<tr>\n<td>F\u00fcr 12 Personen<\/td>\n<td>\u20ac 360 \/ \u20ac 420 je nach Zeitraum<\/td>\n<\/tr>\n<tr>\n<td>F\u00fcr 14 Personen<\/td>\n<td>\u20ac 420 \/ \u20ac 480 je nach Zeitraum<\/td>\n<\/tr>\n<\/tbody>\n<\/table>\n<p>&nbsp;<\/p>\n<table style=\"width: 915px; height: 126px;\">\n<tbody>\n<tr>\n<td style=\"width: 250px;\"><b>EINZELZIMMER<\/b><\/td>\n<td><\/td>\n<\/tr>\n<tr>\n<td>F\u00fcr 1 Nacht<\/td>\n<td>\u20ac 60<\/td>\n<\/tr>\n<tr>\n<td>F\u00fcr 3 bis 6 N\u00e4chte<\/td>\n<td>\u20ac 50<\/td>\n<\/tr>\n<\/tbody>\n<\/table>\n<table style=\"width: 915px; height: 126px;\">\n<tbody>\n<tr>\n<td style=\"width: 250px;\"><b>DOPPELZIMMER<\/b><\/td>\n<td><\/td>\n<\/tr>\n<tr>\n<td>F\u00fcr 1 Nacht<\/td>\n<td>\u20ac 90<\/td>\n<\/tr>\n<tr>\n<td>F\u00fcr 3 bis 6 N\u00e4chte<\/td>\n<td>\u20ac 80<\/td>\n<\/tr>\n<\/tbody>\n<\/table>\n<p style=\"text-align: justify; font-size: 14px;\">Zusatzbett: 20 \u20ac\/Tag<br \/>\nBabybett: 10 \u20ac<br \/>\nKinder bis 3 Jahre kostenlos im eigenen Bettchen<\/p>\n<p style=\"text-align: justify; font-size: 14px;\">Check in nach 14:00 Uhr<br \/>\nCheck out bis 10:00 Uhr<\/p>\n<p>[\/vc_column_text][\/vc_tta_section][vc_tta_section i_icon_wolverine=&#8221;wicon icon-outline-vector-icons-pack-150&#8243; add_icon=&#8221;true&#8221; title=&#8221;OFFERTE SPECIALI&#8221; tab_id=&#8221;1465460159975-7ce64188-a0bc&#8221;][vc_single_image image=&#8221;2254&#8243; img_size=&#8221;1248&#8243;][vc_column_text][\/vc_column_text][\/vc_tta_section][vc_tta_section i_icon_wolverine=&#8221;wicon icon-outline-vector-icons-pack-150&#8243; add_icon=&#8221;true&#8221; title=&#8221;SENDEN SIE UNS IHRE ANFRAGE&#8221; tab_id=&#8221;1465460296745-3cd5bcd5-707a&#8221;][vc_row_inner css=&#8221;.vc_custom_1465460891512{background-color: #f3f3f3 !important;}&#8221;][vc_column_inner][vc_raw_html]JTNDcCUyMHN0eWxlJTNEJTIydGV4dC1hbGlnbiUzQWNlbnRlciUzQmZvbnQtc2l6ZSUzQTE2cHglM0Jjb2xvciUzQSUyMzQ2NDM0MiUzQiUyMiUzRSUwQSUzQ3NwYW4lMjBzdHlsZSUzRCUyMmZvbnQtc2l6ZSUzQTM1cHglM0Jjb2xvciUzQSUyMzQ2NDM0MiUzQiUyMiUzRVNlbmRlbiUyMFNpZSUyMHVucyUyMElocmUlMjBBbmZyYWdlJTNDJTJGc3BhbiUzRSUzQ2JyJTIwJTJGJTNFJTBBQmVudXR6ZW4lMjBTaWUlMjBkaWVzZXMlMjBGb3JtdWxhciUyQyUyMHVtJTIwSW5mb3JtYXRpb25lbiUyMG9kZXIlMjBlaW4lMjBBbmdlYm90JTIwZiVDMyVCQ3IlMjBlaW5lbiUyMEF1ZmVudGhhbHQlMjBhbnp1Zm9yZGVybi4lM0MlMkZwJTNF[\/vc_raw_html][\/vc_column_inner][\/vc_row_inner][vc_row_inner css=&#8221;.vc_custom_1465463131869{background-color: #f3f3f3 !important;}&#8221;][vc_column_inner][vc_empty_space][\/vc_column_inner][\/vc_row_inner][vc_row_inner][vc_column_inner][vc_empty_space][\/vc_column_inner][\/vc_row_inner][vc_row_inner][vc_column_inner width=&#8221;1\/2&#8243;][vc_wp_text]<div role=\"form\" class=\"wpcf7\" id=\"wpcf7-f2460-o1\" lang=\"it-IT\" dir=\"ltr\">\n<div class=\"screen-reader-response\"><p role=\"status\" aria-live=\"polite\" aria-atomic=\"true\"><\/p> <ul><\/ul><\/div>\n<form action=\"\/torredijano\/wp-json\/wp\/v2\/pages\/2429#wpcf7-f2460-o1\" method=\"post\" class=\"wpcf7-form init\" novalidate=\"novalidate\" data-status=\"init\">\n<div style=\"display: none;\">\n<input type=\"hidden\" name=\"_wpcf7\" value=\"2460\" \/>\n<input type=\"hidden\" name=\"_wpcf7_version\" value=\"5.5.6\" \/>\n<input type=\"hidden\" name=\"_wpcf7_locale\" value=\"it_IT\" \/>\n<input type=\"hidden\" name=\"_wpcf7_unit_tag\" value=\"wpcf7-f2460-o1\" \/>\n<input type=\"hidden\" name=\"_wpcf7_container_post\" value=\"0\" \/>\n<input type=\"hidden\" name=\"_wpcf7_posted_data_hash\" value=\"\" \/>\n<\/div>\n<table cellpadding=\"5\" cellspacing=\"5\" border=\"0\">\n<tr>\n<td>Vorname und Nachname *<br \/><span class=\"wpcf7-form-control-wrap your-name\"><input type=\"text\" name=\"your-name\" value=\"\" size=\"40\" class=\"wpcf7-form-control wpcf7-text wpcf7-validates-as-required\" aria-required=\"true\" aria-invalid=\"false\" \/><\/span><\/td>\n<\/tr>\n<tr>\n<td>Telefon *<br \/><span class=\"wpcf7-form-control-wrap your-tel\"><input type=\"text\" name=\"your-tel\" value=\"\" size=\"40\" class=\"wpcf7-form-control wpcf7-text wpcf7-validates-as-required\" aria-required=\"true\" aria-invalid=\"false\" \/><\/span><\/td>\n<\/tr>\n<tr>\n<td>E-Mail *<br \/><span class=\"wpcf7-form-control-wrap your-email\"><input type=\"email\" name=\"your-email\" value=\"\" size=\"40\" class=\"wpcf7-form-control wpcf7-text wpcf7-email wpcf7-validates-as-required wpcf7-validates-as-email\" aria-required=\"true\" aria-invalid=\"false\" \/><\/span><\/td>\n<\/tr>\n<tr>\n<td>Stadt *<br \/><span class=\"wpcf7-form-control-wrap your-city\"><input type=\"text\" name=\"your-city\" value=\"\" size=\"40\" class=\"wpcf7-form-control wpcf7-text wpcf7-validates-as-required\" aria-required=\"true\" aria-invalid=\"false\" \/><\/span><\/td>\n<\/tr>\n<tr>\n<td>Nation *<br \/><span class=\"wpcf7-form-control-wrap your-country\"><input type=\"text\" name=\"your-country\" value=\"\" size=\"40\" class=\"wpcf7-form-control wpcf7-text wpcf7-validates-as-required\" aria-required=\"true\" aria-invalid=\"false\" \/><\/span><\/td>\n<\/tr>\n<tr>\n<td>Tag der Ankunft *<br \/><span class=\"wpcf7-form-control-wrap date-102\"><input type=\"date\" name=\"date-102\" value=\"\" class=\"wpcf7-form-control wpcf7-date wpcf7-validates-as-required wpcf7-validates-as-date\" aria-required=\"true\" aria-invalid=\"false\" \/><\/span><\/td>\n<\/tr>\n<tr>\n<td>Tag der Abreise *<br \/><span class=\"wpcf7-form-control-wrap date-103\"><input type=\"date\" name=\"date-103\" value=\"\" class=\"wpcf7-form-control wpcf7-date wpcf7-validates-as-required wpcf7-validates-as-date\" aria-required=\"true\" aria-invalid=\"false\" \/><\/span><\/td>\n<\/tr>\n<tr>\n<td>Anzahl Zimmer *<br \/><span class=\"wpcf7-form-control-wrap menu-16\"><select name=\"menu-16\" class=\"wpcf7-form-control wpcf7-select wpcf7-validates-as-required\" aria-required=\"true\" aria-invalid=\"false\"><option value=\"1\">1<\/option><option value=\"2\">2<\/option><option value=\"3\">3<\/option><option value=\"4\">4<\/option><option value=\"5\">5<\/option><\/select><\/span><\/td>\n<\/tr>\n<tr>\n<td>Erwachsene *<br \/><span class=\"wpcf7-form-control-wrap menu-17\"><select name=\"menu-17\" class=\"wpcf7-form-control wpcf7-select wpcf7-validates-as-required\" aria-required=\"true\" aria-invalid=\"false\"><option value=\"1\">1<\/option><option value=\"2\">2<\/option><option value=\"3\">3<\/option><option value=\"4\">4<\/option><\/select><\/span><\/td>\n<\/tr>\n<tr>\n<td>Kinder<br \/><span class=\"wpcf7-form-control-wrap menu-18\"><select name=\"menu-18\" class=\"wpcf7-form-control wpcf7-select\" aria-invalid=\"false\"><option value=\"0\">0<\/option><option value=\"1\">1<\/option><option value=\"2\">2<\/option><option value=\"3\">3<\/option><option value=\"4\">4<\/option><\/select><\/span><\/td>\n<\/tr>\n<tr>\n<td colspan=\"2\">Mitteilung <br \/><span class=\"wpcf7-form-control-wrap your-message\"><textarea name=\"your-message\" cols=\"40\" rows=\"10\" class=\"wpcf7-form-control wpcf7-textarea\" aria-invalid=\"false\"><\/textarea><\/span><\/p>\n<p><span class=\"wpcf7-form-control-wrap acceptance-265\"><span class=\"wpcf7-form-control wpcf7-acceptance\"><span class=\"wpcf7-list-item\"><input type=\"checkbox\" name=\"acceptance-265\" value=\"1\" aria-invalid=\"false\" checked=\"checked\" \/><\/span><\/span><\/span> Datenschutzerkl\u00e4rung<\/p>\n<p><input type=\"submit\" value=\"Senden\" class=\"wpcf7-form-control has-spinner wpcf7-submit\" \/><\/td>\n<\/tr>\n<\/table>\n<div class=\"wpcf7-response-output\" aria-hidden=\"true\"><\/div><\/form><\/div>[\/vc_wp_text][\/vc_column_inner][vc_column_inner width=&#8221;1\/2&#8243;][vc_wp_text]<\/p>\n<p><img src=\"http:\/\/www.torredijano.it\/torredijano\/wp-content\/uploads\/2016\/06\/ospi.png\" \/><\/p>\n<p style=\"font-size: 14px;\">Via Jano, 23<br \/>\n40037 Sasso Marconi Bologna Italy<\/p>\n<p>Tel. e Fax +39 051 841211<br \/>\nCell. +39 333 2297697<br \/>\nEmail <a href=\"mailto:dimorastorica@torredijano.it\">dimorastorica@torredijano.it<\/a><\/p>\n<p>[\/vc_wp_text][\/vc_column_inner][\/vc_row_inner][\/vc_tta_section][\/vc_tta_accordion][\/vc_column][vc_column width=&#8221;1\/6&#8243;][vc_empty_space][\/vc_column][\/vc_row]<\/p>\n","protected":false},"excerpt":{"rendered":"<p>[vc_row][vc_column offset=&#8221;vc_hidden-sm vc_hidden-xs&#8221;][vc_single_image image=&#8221;3124&#8243; img_size=&#8221;full&#8221; alignment=&#8221;center&#8221;][\/vc_column][\/vc_row][vc_row el_class=&#8221;margin-bottom-100 margin-top-10 no-padding-vc no-margin-vc&#8221;][vc_column width=&#8221;1\/4&#8243; css=&#8221;.vc_custom_1464731281468{margin-top: 0px !important;margin-right: 0px !important;margin-bottom: 0px !important;margin-left: 0px !important;border-top-width: 0px !important;border-right-width: 0px !important;border-bottom-width: 0px !important;border-left-width: 0px !important;padding-top: 0px !important;padding-right: 0px !important;padding-bottom: 0px !important;padding-left: 0px !important;background-position: center !important;background-repeat: no-repeat !important;background-size: cover !important;}&#8221;][vc_wp_text][\/vc_wp_text][\/vc_column][vc_column width=&#8221;1\/4&#8243; css=&#8221;.vc_custom_1464731343641{margin-top: 0px !important;margin-right: 0px !important;margin-bottom: 0px !important;margin-left: 0px !important;border-top-width: 0px !important;border-right-width: 0px [&hellip;]<\/p>\n","protected":false},"author":1,"featured_media":0,"parent":0,"menu_order":0,"comment_status":"closed","ping_status":"closed","template":"","meta":[],"_links":{"self":[{"href":"https:\/\/www.torredijano.it\/torredijano\/wp-json\/wp\/v2\/pages\/2429"}],"collection":[{"href":"https:\/\/www.torredijano.it\/torredijano\/wp-json\/wp\/v2\/pages"}],"about":[{"href":"https:\/\/www.torredijano.it\/torredijano\/wp-json\/wp\/v2\/types\/page"}],"author":[{"embeddable":true,"href":"https:\/\/www.torredijano.it\/torredijano\/wp-json\/wp\/v2\/users\/1"}],"replies":[{"embeddable":true,"href":"https:\/\/www.torredijano.it\/torredijano\/wp-json\/wp\/v2\/comments?post=2429"}],"version-history":[{"count":12,"href":"https:\/\/www.torredijano.it\/torredijano\/wp-json\/wp\/v2\/pages\/2429\/revisions"}],"predecessor-version":[{"id":3773,"href":"https:\/\/www.torredijano.it\/torredijano\/wp-json\/wp\/v2\/pages\/2429\/revisions\/3773"}],"wp:attachment":[{"href":"https:\/\/www.torredijano.it\/torredijano\/wp-json\/wp\/v2\/media?parent=2429"}],"curies":[{"name":"wp","href":"https:\/\/api.w.org\/{rel}","templated":true}]}}